16255*h - 12. Give k(14).
2
Let h(o) = 48*o + 287. Determine h(-6).
-1
Let u(i) = i**2 + 35*i + 141. Determine u(-30).
-9
Let c(n) = -56*n - 7575. Give c(-136).
41
Let n(h) = -h**3 - 32*h**2 - 177*h + 17. Determine n(-24).
-343
Let g(y) = 253*y - 238. What is g(1)?
15
Let h(y) = -y**3 - 44*y**2 - 87*y - 132. Determine h(-42).
-6
Let g(v) = v**3 + 2*v**2 - 2*v - 15. Calculate g(0).
-15
Let c(t) = 2*t**3 + 5*t**2 + 5*t - 4. Determine c(-2).
-10
Let g(r) = -3*r**3 + 176*r**2 + 61*r - 87. Determine g(59).
31
Let g(q) = 63*q + 1132. Determine g(-20).
-128
Let s(x) = x**2 - 12*x + 55. Calculate s(0).
55
Let w(y) = 11531*y - 34599. What is w(3)?
-6
Let x(p) = -11*p + 202. Determine x(20).
-18
Let s(c) = c**3 - 3*c**2 - 7*c - 17. Calculate s(-3).
-50
Let a(h) = -h**2 + 109*h + 21. Determine a(109).
21
Let i(q) = -q**3 - 12*q**2 - 17*q - 31. What is i(-9)?
-121
Let n(t) = 4*t**3 + 26*t**2 - 505*t + 40. What is n(-15)?
-35
Let p(v) = -70*v - 5886. Calculate p(-84).
-6
Let c(z) = 15*z**2 - 97*z + 36. Calculate c(6).
-6
Let p(c) = -c**2 - 21*c + 191. Determine p(-28).
-5
Let z(f) = f**3 + 83*f**2 + 79*f - 250. Calculate z(-82).
-4
Let q(j) = 72*j**2 + 331*j - 143. Give q(-5).
2
Let u(w) = -w**3 - 148*w**2 - 2111*w + 131. Give u(-132).
-1
Let g(p) = -233*p - 415. Determine g(-1).
-182
Let s(z) = 3*z + 86. Give s(-32).
-10
Let m(y) = y**2 - 463*y - 925. Determine m(-2).
5
Let u(m) = -82*m**2 - 66*m + 143. Give u(2).
-317
Let t(q) = 2*q**2 - 57*q + 390. Give t(16).
-10
Let f(d) = 2*d**2 - 123*d + 232. Give f(56).
-384
Let h(i) = -i**3 + 63*i**2 + 809*i + 373. Calculate h(74).
3
Let y(h) = h**2 + 84*h - 67. What is y(-84)?
-67
Let m(u) = 14*u - 156. Calculate m(19).
110
Let y(c) = 102*c + 1445. Calculate y(-14).
17
Let n(m) = -79*m + 800. Give n(10).
10
Let g(d) = 15*d**2 - 1978*d - 265. Calculate g(132).
-1
Let d(h) = -167*h - 164. Determine d(-4).
504
Let f(a) = -28*a**2 - 161*a + 15. What is f(-7)?
-230
Let c(f) = f**3 - 32*f**2 - 21*f - 426. What is c(33)?
-30
Let m(r) = r**3 + 47*r**2 - 123*r + 4164. Calculate m(-51).
33
Let a(l) = -51*l**2 - 5*l - 2. Calculate a(-1).
-48
Let m(z) = -546*z - 148. Determine m(-1).
398
Let x(l) = -l**3 - 4*l**2 + 22*l + 24. What is x(-6)?
-36
Let b(z) = -930*z + 3722. What is b(4)?
2
Let s(h) = h**3 + 31*h**2 - 62*h + 128. Give s(-33).
-4
Let k(f) = -3*f**3 + 5*f**2 - 142*f - 146. Determine k(-1).
4
Let q(j) = -429*j + 142854. Calculate q(333).
-3
Let f(t) = -7*t**2 - 7. Give f(3).
-70
Let x(k) = -44*k - 2507. What is x(-47)?
-439
Let c(i) = 55*i + 5828. Give c(-106).
-2
Let n(j) = -j**2 - 2617*j + 10466. Give n(4).
-18
Let c(m) = m**2 + 709*m - 1420. What is c(2)?
2
Let o(z) = z**3 - z**2 - 10*z - 41. Determine o(0).
-41
Let j(q) = -58*q + 181. Calculate j(3).
7
Let s(a) = 647*a - 51103. Determine s(79).
10
Let m(a) = 649*a + 643. What is m(-1)?
-6
Let s(f) = 128*f + 324. What is s(-4)?
-188
Let x(r) = -3*r**3 - 4*r**2 + 31*r + 9. Determine x(-4).
13
Let g(s) = s**2 + 27*s - 72. Calculate g(-31).
52
Let u(y) = -17*y + 20. Give u(16).
-252
Let i(z) = 7*z**2 + 931*z + 5330. Give i(-127).
-4
Let s(a) = -13*a**2 + 20*a + 62. What is s(-3)?
-115
Let u(n) = n**2 - 20*n - 102. Calculate u(-6).
54
Let c(f) = -2*f**3 - 118*f**2 - 38*f - 2239. Give c(-59).
3
Let b(k) = -12*k - 191. Determine b(5).
-251
Let q(i) = 66*i**2 - 454*i + 13. What is q(7)?
69
Let o(y) = -y**3 + y**2 + 46*y - 193. What is o(4)?
-57
Let s(x) = 2*x**2 + 11*x - 20. Give s(5).
85
Let q(b) = 95*b - 936. Calculate q(6).
-366
Let n(f) = f**2 - 243*f - 21148. What is n(-68)?
0
Let y(d) = -44*d**2 - 5*d - 3. Determine y(-1).
-42
Let g(i) = i**3 + 13*i**2 - 13*i + 39. Give g(-14).
25
Let o(h) = h**3 - 106*h**2 + 603*h - 17. What is o(6)?
1
Let x(k) = k**3 + 118*k**2 + 81*k + 9556. Determine x(-118).
-2
Let b(c) = -349*c - 62101. What is b(-178)?
21
Let g(v) = v**2 - 35*v - 67. What is g(38)?
47
Let n(i) = i**2 + 4*i - 193. Give n(13).
28
Let w(g) = -2*g**2 + 16*g - 85. What is w(10)?
-125
Let r(a) = -462*a + 6018. What is r(13)?
12
Let d(h) = -h**3 + 12*h**2 - 7*h - 6. What is d(11)?
38
Let r(t) = 4*t - 114. Determine r(-12).
-162
Let t(j) = 22*j + 37. Calculate t(7).
191
Let m(l) = -20*l - 99. What is m(-6)?
21
Let l(r) = r**3 + 12*r**2 + 2*r - 213. Give l(-9).
12
Let v(d) = d**3 + 59*d**2 - 4*d - 296. Calculate v(-59).
-60
Let a(w) = w**2 - 119*w + 3478. Calculate a(66).
-20
Let r(i) = 34*i + 316. Give r(-5).
146
Let s(l) = 12*l + 683. Calculate s(-75).
-217
Let z(p) = -12*p - 297. Determine z(-27).
27
Let u(r) = -73*r + 13232. Calculate u(182).
-54
Let p(w) = -w**2 - 198*w + 1652. Give p(8).
4
Let h(j) = 26*j**2 + 66*j + 29. Determine h(-4).
181
Let d(y) = 2*y**2 - 7*y + 38. What is d(0)?
38
Let p(n) = n**3 - 2*n**2 - 33*n + 2. Give p(-5).
-8
Let t(f) = 3*f**3 + 103*f**2 + 132*f - 43. Determine t(-33).
-43
Let o(j) = -j**3 + 48*j**2 - 9*j + 98. Calculate o(48).
-334
Let r(x) = x**3 + 32*x**2 + 32*x + 95. Calculate r(-31).
64
Let d(h) = -h**3 - 249*h**2 - 14568*h + 177. Calculate d(-94).
-11
Let l(i) = i**2 + 7*i + 37. What is l(11)?
235
Let v(q) = 10*q**2 - 123*q + 146. Give v(11).
3
Let j(m) = 4*m**2 - 9*m - 174. Calculate j(8).
10
Let z(a) = -a**2 + 55*a - 616. Determine z(16).
8
Let b(y) = y**3 + 23*y**2 + 45*y + 81. What is b(-21)?
18
Let b(y) = -2*y**3 - 93*y**2 + 634*y - 25. Give b(6).
-1
Let h(m) = 43073*m + 301508. Calculate h(-7).
-3
Let j(z) = -106*z + 1279. Determine j(12).
7
Let r(w) = 25*w + 186. Determine r(0).
186
Let y(t) = -53*t + 371. Determine y(11).
-212
Let s(i) = i**3 + 16*i**2 - 25*i - 213. Calculate s(-9).
579
Let i(t) = -292*t + 350. Calculate i(-1).
642
Let k(p) = -12*p - 59. Calculate k(14).
-227
Let x(q) = q**3 + 24*q**2 - 111*q + 31. Calculate x(-28).
3
Let d(t) = -1833*t + 13. Calculate d(0).
13
Let y(k) = -16*k - 444. Calculate y(-29).
20
Let t(d) = d**2 - 9*d - 66. Determine t(15).
24
Let r(c) = -28*c**2 + 3054*c - 223. Calculate r(109).
-5
Let b(x) = 11*x + 993. Determine b(-91).
-8
Let t(q) = 16*q + 1560. Determine t(-94).
56
Let t(a) = 19*a**2 - 59*a + 10. Give t(2).
-32
Let c(g) = 77*g - 384. What is c(4)?
-76
Let a(p) = -23*p + 2704. What is a(117)?
13
Let o(x) = 118*x + 12. Give o(-1).
-106
Let k(i) = 7*i**3 - 32*i**2 - 23*i + 30. Calculate k(5).
-10
Let t(y) = -56*y - 87. Calculate t(2).
-199
Let b(v) = -9*v + 252. What is b(-23)?
459
Let y(z) = -z**2 + 973*z - 61524. Give y(68).
16
Let z(b) = 2*b**2 + 7*b + 9. Determine z(3).
48
Let g(k) = -20*k**2 + 574*k - 36. Determine g(29).
-210
Let h(y) = -81*y - 1658. What is h(-20)?
-38
Let j(t) = -2*t**3 + 17*t**2 + 103*t - 719. Calculate j(10).
11
Let d(s) = -2*s**3 + 11*s**2 - 12*s - 10. Give d(5).
-45
Let l(m) = 20*m**2 + 453*m - 169. What is l(-23)?
-8
Let b(f) = -f**3 - 28*f**2 - 156*f + 12. Give b(-8).
-20
Let h(a) = 2*a**3 - 67*a**2 - 32*a + 48. Calculate h(34).
116
Let w(b) = -8*b**2 + 3039*b + 3040. Calculate w(-1).
-7
Let w(v) = 56*v**3 - v**2 + 14*v + 15. Calculate w(-1).
-56
Let l(y) = -76*y**3 + 2*y + 1. Give l(-1).
75
Let s(r) = -r**3 + 41*r**2 - 168*r - 54. Calculate s(5).
6
Let d(y) = -74*y - 152. Calculate d(-2).
-4
Let i(y) = -18*y + 759. What is i(40)?
39
Let c(x) = -35*x - 422. Calculate c(-11).
-37
Let s(v) = 63*v + 1264. What is s(-20)?
4
Let u(v) = 630*v**3 + 9*v**2 + 6*v - 2. What is u(-1)?
-629
Let g(j) = 465*j + 3250. Determine g(-7).
-5
Let v(k) = k**3 + 9*k**2 - 15*k + 28. What is v(-11)?
-49
Let b(i) = -2623*i + 18362. What is b(7)?
1
Let s(y) = 120*y - 985. Give s(8).
-25
Let r(p) = 27*p - 156. Determine r(-11).
-453
Let a(b) = b**3 + 39*b**2 - 41*b - 38. Determine a(-40).
2
Let v(t) = 2*t**2 + 144*t - 1371. What is v(-80)?
-91
Let c(y) = y**3 + 8*y**2 - 6*y - 31. Calculate c(-9).
-58
Let s(v) = -v**2 - 24*v - 50. Determine s(-25).
-75
Let w(x) = 4*x**2 - 31*x + 15. Give w(7).
-6
Let y(h) = 14*h**3 + 17*h**2 + 4*h - 6. Determine y(-1).
-7
Let g(o) = 70*o + 53. Give g(0).
53
Let p(l) = l**2 - 382*l - 7237. Give p(-18).
-37
Let d(x) = -2*x**3 - 7*x**2 + 42*x + 10. Give d(4).
-62
Let l(a) = -6*a**2 + 2*a - 6. Determine l(-3).
-66
Let f(z) = -z**2 + 26*z - 37. Calculate f(3).
32
Let m(t) = -51*t - 80. Calculate m(3).
-233
Let w(q) = 3*q**3 + 2*q**2 - 6*q + 180. What is w(0)?
180
Let a(y) = 5796*y**2 + 34775*y. What is a(-6)?
6
Let x(l) = 783*l - 804. D